late the highest common divisor of 2166 and 152515641.
1083
What is the highest common divisor of 52176597 and 435?
87
Calculate the greatest common factor of 6321 and 211092.
147
What is the highest common factor of 1459 and 736781869?
1459
Calculate the greatest common factor of 3930 and 82792.
262
Calculate the highest common divisor of 403050 and 24825.
75
What is the highest common factor of 42320214 and 162?
18
What is the highest common divisor of 652128 and 2016?
96
What is the highest common factor of 19760 and 277628?
988
Calculate the greatest common divisor of 1019067 and 23079.
21
Calculate the greatest common factor of 41552863 and 211.
211
Calculate the highest common factor of 1845 and 67296006.
369
Calculate the highest common factor of 407728 and 82144.
272
Calculate the greatest common factor of 103249 and 1442587.
223
Calculate the greatest common divisor of 363 and 10608708.
33
Calculate the greatest common factor of 53312 and 51548.
196
What is the greatest common factor of 479504 and 106076?
92
Calculate the greatest common divisor of 1209079944 and 24.
24
Calculate the highest common divisor of 11589640 and 20.
20
Calculate the greatest common factor of 6 and 206336883.
3
Calculate the highest common factor of 42 and 42330183.
21
Calculate the greatest common divisor of 2828 and 29056286.
1414
What is the greatest common factor of 2025 and 114247125?
675
What is the highest common factor of 172 and 567232?
4
Calculate the highest common divisor of 36 and 359802.
18
What is the greatest common divisor of 95407 and 1391?
13
What is the highest common divisor of 116 and 1298900488?
116
Calculate the highest common factor of 74816986 and 4195.
839
Calculate the highest common factor of 33764952 and 624.
312
Calculate the highest common factor of 18774 and 233666568.
2682
What is the highest common factor of 676170 and 248490?
990
Calculate the greatest common factor of 799456 and 115038.
1162
What is the greatest common factor of 1462 and 27994376?
1462
What is the highest common divisor of 6324 and 11346?
186
What is the greatest common divisor of 87734016 and 81?
81
Calculate the highest common factor of 228 and 92244924.
228
Calculate the greatest common factor of 3598428 and 3333.
303
What is the greatest common factor of 1054 and 3606958?
34
What is the greatest common factor of 13343495 and 6142?
3071
What is the greatest common factor of 11388 and 1320132?
876
What is the highest common factor of 174 and 7392651?
87
Calculate the highest common divisor of 1752 and 2265288.
24
Calculate the greatest common divisor of 198949 and 581381.
703
Calculate the greatest common factor of 16125 and 215688.
129
Calculate the highest common factor of 2538 and 11687866.
94
What is the highest common divisor of 409 and 2504?
1
Calculate the highest common divisor of 26865550 and 30.
10
What is the highest common divisor of 246563 and 91694?
361
Calculate the highest common factor of 11248416 and 4155.
831
Calculate the highest common divisor of 3656836 and 544.
68
What is the highest common factor of 520 and 3066440?
520
What is the highest common divisor of 2802865 and 3531?
107
What is the highest common divisor of 5191515 and 1197?
63
Calculate the greatest common divisor of 3010273 and 796.
199
Calculate the highest common factor of 1095 and 29679975.
1095
Calculate the greatest common divisor of 528 and 71120148.
132
Calculate the greatest common factor of 8914162 and 8628.
1438
Calculate the highest common factor of 270 and 5680190.
10
What is the highest common factor of 15150 and 145501610?
1010
Calculate the greatest common divisor of 10661322 and 2142.
42
Calculate the greatest common factor of 46032412 and 932.
932
Calculate the greatest common factor of 206173809 and 81.
27
What is the greatest common factor of 2681166 and 36366?
3306
What is the greatest common divisor of 64155 and 918645?
1365
Calculate the highest common factor of 2426028 and 99.
33
Calculate the greatest common factor of 1953 and 43276093.
217
Calculate the greatest common divisor of 14 and 143647.
7
Calculate the greatest common factor of 144 and 566760.
24
Calculate the highest common factor of 143687574 and 11946.
1086
What is the highest common factor of 6282 and 6221274?
2094
Calculate the greatest common divisor of 13987 and 60479.
197
What is the greatest common divisor of 57164 and 49352?
124
Calculate the greatest common factor of 167076 and 952884.
1836
Calculate the greatest common divisor of 41 and 1146371644.
41
What is the greatest common factor of 510 and 5516565?
15
What is the highest common divisor of 263268 and 128853?
927
Calculate the greatest common factor of 105 and 2440395.
15
Calculate the highest common divisor of 855443480 and 3460.
3460
What is the greatest common divisor of 184714 and 4?
2
What is the highest common divisor of 54464 and 28605376?
1472
What is the greatest common factor of 108283 and 279?
31
Calculate the greatest common factor of 3133865 and 1610.
805
Calculate the highest common factor of 157 and 328441331.
157
Calculate the greatest common factor of 4238306 and 24911.
859
What is the highest common factor of 376487775 and 225?
225
Calculate the greatest common divisor of 495 and 76980570.
15
What is the highest common divisor of 16 and 2767640?
8
What is the greatest common factor of 102 and 1786134?
6
Calculate the greatest common factor of 75 and 5063160.
15
What is the greatest common factor of 11226616 and 64?
8
Calculate the highest common divisor of 671768 and 2113816.
1048
What is the greatest common factor of 2956305 and 5945?
205
What is the highest common divisor of 2611 and 239013551?
2611
Calculate the highest common divisor of 597540 and 120060.
1380
What is the highest common divisor of 309966 and 16302?
114
What is the greatest common factor of 513 and 3801444?
57
Calculate the highest common factor of 10159200 and 759600.
3600
What is the greatest common factor of 5963350 and 200?
50
Calculate the greatest common divisor of 2196420 and 123.
3
What is the greatest common factor of 234 and 188278038?
234
Calculate the greatest common factor of 311030 and 656437.
1637
What is the greatest common divisor of 8577733 and 5207?
41
What is the greatest common factor of 3663 and 882376?
407
Calculate the greatest common factor of 493488 and 1863.
207
What is the greatest common factor of 5889 and 51102024?
453
Calculate the greatest common divisor of 7568088 and 132.
132
What is the highest common factor of 7395 and 5348965?
85
What is the greatest common factor of 479 and 146489696?
479
What is the greatest common divisor of 2922 and 323574?
6
Calculate the greatest common divisor of 76080696 and 48.
24
What is the highest common factor of 3768 and 276948?
1884
What is the greatest common divisor of 95 and 54363047?
19
What is the highest common divisor of 125383125 and 3895?
205
Calculate the highest common divisor of 63128 and 2977.
13
What is the highest common divisor of 31136 and 11860592?
2224
What is the greatest common divisor of 17572611 and 476?
119
What is the greatest common divisor of 5382 and 203481?
207
Calculate the greatest common factor of 49276560 and 600.
120
Calculate the greatest common divisor of 71630 and 1008995.
1235
What is the greatest common factor of 2140 and 2439938120?
2140
Calculate the highest common factor of 923241 and 707.
101
What is the greatest common divisor of 301 and 3258400551?
301
What is the highest common factor of 571375974 and 156?
78
Calculate the highest common divisor of 375 and 11675.
25
What is the highest common factor of 259869519 and 441?
63
What is the highest common factor of 38 and 1744860?
2
Calculate the greatest common divisor of 1450661 and 1037.
17
Calculate the highest common divisor of 22608450 and 11475.
675
Calculate the highest common factor of 2416 and 1301922.
302
Calculate the highest common factor of 25123 and 989303.
679
Calculate the greatest common divisor of 2972178 and 211662.
198
Calculate the greatest common factor of 569088 and 34333.
247
Calculate the greatest common factor of 46282 and 561224.
146
Calculate the greatest common factor of 99521 and 12305.
23
What is the greatest common divisor of 2667016 and 